at is the units digit of o?
3
Suppose -2*p + 0*c - 2*c = 2, -7 = -3*p + 2*c. Suppose m = 3 - p. What is the units digit of m?
2
Let a(i) = i**3 - 9*i**2 - 10*i + 11. Let n be a(10). Suppose 6 = -3*u + 2*u. Let x = u + n. What is the units digit of x?
5
Let s = 16 - 15. What is the tens digit of (-2)/(-2)*s + 37?
3
Let y(g) = g**2 - 1. What is the tens digit of y(-5)?
2
Suppose 0 = -5*b + 6*b - 5. Suppose 0 = -3*l - 0*j + 2*j + 44, -5*j = b*l - 65. Let u = 1 + l. What is the units digit of u?
5
Let y = 73 - 14. Let k = y + -33. What is the units digit of k?
6
Suppose s = -3, 0 = 2*i - 0*s + 5*s + 21. Suppose 3 = 5*r + k - 1, -r + 16 = 4*k. Let y = r - i. What is the units digit of y?
3
Suppose 70*t = 67*t + 429. What is the units digit of t?
3
Suppose -t + 22 + 22 = 0. What is the units digit of t?
4
Suppose -36 = -2*s - 3*i, -i = -5*s + i + 52. Let j = -4 + s. What is the units digit of j?
8
Let z(s) = -4*s**2. Let y(v) = -v - 2. Let d be y(-1). Let q be z(d). Let m = q + 18. What is the units digit of m?
4
Suppose 0 = -w + r - 0*r - 3, -2*w + 24 = 4*r. What is the units digit of w?
2
Suppose c + 0*c = -1. Let x be c + (-1 - -5)/2. Suppose 0 = 4*t - 5*i + 2 - x, -5*t - i + 35 = 0. What is the units digit of t?
6
Suppose y = -2*f - 4, -6*y + 11 = -2*y - f. What is the units digit of y?
2
Let p be -3*1/(3/(-6)). Suppose -2*h + 0*h = p. What is the units digit of (-14)/h - 6/9?
4
Suppose 5 = -2*l + 3*z - 10, -z + 15 = -4*l. Let a be (60/9)/((-1)/l). What is the units digit of 27*(a/6)/5?
8
Suppose -2*h + 4*u - 24 = -0*u, 0 = 3*u. Let q = h - -20. What is the units digit of q?
8
Let z(n) = -27*n + 1. What is the tens digit of z(-4)?
0
Let m = 17 + -19. Let q = m + 5. What is the units digit of q?
3
Let t = 76 - 37. What is the units digit of t?
9
Suppose -3*c - c + 76 = 0. What is the tens digit of c?
1
Suppose 4*b = -20, -n + 3*b = -77 + 24. What is the tens digit of n?
3
Let w = -4 + 3. Let s = 6 + w. What is the units digit of s?
5
Let y(s) = s - 5. Let v be y(5). Suppose -5*u + 12 = -2*d, -4*d = -v*d + u - 20. What is the units digit of d?
4
Suppose -a + 6 = 2*a. Let i = a - -3. What is the units digit of i?
5
What is the tens digit of -1*1/2*-76?
3
Suppose 8*d = 6*d + 64. Suppose m - d = -4*x, -2*x + 4*m = -m - 16. What is the units digit of x?
8
Let l(n) = -n**2 - 13*n + 5. Let o(g) = -g**2 - 14*g + 6. Let u(c) = 6*l(c) - 5*o(c). Let h be u(-8). Suppose h*a = 3*a - 21. What is the units digit of a?
7
Let h(m) = -2*m**3 + 7*m**2 - 4*m. Let u be h(4). Let i = u + 45. What is the tens digit of i?
1
Suppose -2*h = -4*h + 54. Let z = -1 + h. What is the tens digit of z?
2
Suppose -22*a + 15*a = -1827. What is the hundreds digit of a?
2
Suppose -2*y + 3*g + 3 = 16, 0 = -3*y + 4*g - 18. Let t be y/3 + 84/18. Suppose q - 75 = -t*q. What is the tens digit of q?
1
Suppose -6 = 5*z + 4. Let m(k) = -2*k + 4 - 2 + k + 0*k. What is the units digit of m(z)?
4
Let m = 13 + -10. Suppose 0 = -m*b + l + 57, -l = 4*l. What is the tens digit of b?
1
Suppose -7 - 13 = -5*l. Suppose -4*j = -2*j - l. Suppose -3*o + j*b = -0*b - 27, 2*o + 5*b = 37. What is the tens digit of o?
1
Suppose -2*p - 15 = -7*p. Suppose 2*c - p*c = -11. What is the tens digit of c?
1
Let i be (-2)/(-6) - 2/6. Suppose i*n + 282 = -3*n. What is the units digit of 5/30 + n/(-12)?
8
Suppose 0 = -3*c - 0*c + 6. Suppose 0 = 4*n - c*n - 6. What is the units digit of n?
3
Suppose 5*l + 5*h + 3 = 23, -6 = 2*l - 5*h. Suppose 2*y = -l*y + 108. Let z = y - 16. What is the tens digit of z?
1
Let m(f) = 7*f - 2. Let s be m(-4). Let o = -18 - s. What is the tens digit of o?
1
Let z(r) = r**3 - 4*r**2 + 4*r - 5. What is the units digit of z(5)?
0
Suppose -3*q - 5*h - 23 = -5*q, -5*q = 2*h - 101. What is the units digit of q?
9
Suppose 4*s - 19 = -83. Let g = s - -22. What is the units digit of g?
6
Suppose 4*y - 250 = 3*r, 6*y - y + 3*r - 326 = 0. Let n be (-36)/(-16)*y/6. Let m = n - 17. What is the units digit of m?
7
Let c(h) = -h + 4. Let y be c(8). Let i be (y/8)/((-2)/(-28)). Let q(z) = z**3 + 7*z**2 - 2*z - 10. What is the units digit of q(i)?
4
Suppose -160 - 244 = -4*t. What is the units digit of t?
1
Let j(y) = y**2 + 0 + 1 + 0*y**2 + 3*y. Let i be j(-3). What is the units digit of ((4/2)/i)/2?
1
Suppose 5*r + 2 = 17. Suppose 3*i = -r*o + 51, 3*o + o + i - 68 = 0. What is the units digit of o?
7
Suppose 5*l = -116 - 24. What is the units digit of 776/28 + (-8)/l?
8
Let a(b) = -2*b + 8. Let t be 66/(-8) - 9/(-36). What is the units digit of a(t)?
4
What is the tens digit of (-3)/(3 - (-116)/(-38))?
5
Let y(n) = -2*n**3 - n**2 + 2*n - 7. What is the units digit of y(-3)?
2
Let d be (-2)/(-1) - 1 - 1. Suppose q - 5*q = d. Suppose 0 = 3*o + 4*m - 1 - 24, q = -o - 2*m + 9. What is the units digit of o?
7
Let h(l) be the second derivative of l**5/2 + l**2/2 + l. What is the units digit of h(1)?
1
Let t(r) be the second derivative of -r**3/6 - r**2/2 - 2*r. Let o be t(-2). Let i = 16 + o. What is the units digit of i?
7
Let n(s) = -s**3 - 2*s**2 + 7*s + 6. Suppose -5*u = t - 5*t + 36, 4*u - 5*t = -36. What is the tens digit of n(u)?
1
Let l be 80/4*10/8. Let i = -14 + l. What is the units digit of i?
1
Let n(d) = -d - 4. Let s be n(-7). Suppose -2*r + s*r = 14. What is the tens digit of r?
1
Suppose -2*c - 10 = 0, 4*z + c = 6 + 5. Let y be 1/2 - (-358)/z. What is the units digit of ((-2)/(-6))/(2/y)?
5
What is the tens digit of 137 + -2 + 5 + -2?
3
What is the units digit of 44/(-11) - 20/(-2)?
6
Suppose -18 = -5*q + 7. Suppose 17 + q = 2*r. What is the units digit of r?
1
Suppose 0 = 18*c - 15*c - 693. What is the hundreds digit of c?
2
Suppose -4*y + 227 = t, -3*y + 4*t = -163 + 7. Let x = y + -34. What is the tens digit of x?
2
Let q be 2/(4/(-6)) - -1. What is the units digit of q*1*1/(-2)?
1
Let q be (-1)/3 - 327/(-9). What is the tens digit of 2 + q + (-2)/1?
3
Let a = -11 + 16. Let l be 3 - 2/(-4)*-2. Suppose 2*w - a*i = 3, 5*i = -3*w + l*w + 9. What is the units digit of w?
4
What is the units digit of 13 + -2 + 3 + -3?
1
What is the tens digit of (119/5)/(2*(-3)/(-30))?
1
Let c be 4 - 4/((-4)/(-2)). Let k = c + 1. What is the units digit of k?
3
Let p be (4/10)/((-3)/(-30)). Let i be -6 + 1*-2 + p. Let o(b) = -2*b - 4. What is the units digit of o(i)?
4
Let n(i) be the first derivative of -i**2 + 1/3*i**3 - 1 - i. What is the units digit of n(3)?
2
Suppose 0 = 4*j - 10 - 14. Suppose -j*h = -h + 3*m + 14, -h + 8 = -3*m. Let s = 2 + h. What is the units digit of s?
1
Suppose 3*r - r = 148. Suppose 5*h - 79 = -4*x, x - 6*x + 2*h = -r. What is the tens digit of x?
1
Let c(d) = 2*d + 13. Let k(h) = -2*h - h - 19 - 34 - 5*h. Let s(f) = -9*c(f) - 2*k(f). What is the units digit of s(-9)?
7
Let d = 479 - 151. What is the units digit of d?
8
Suppose -5*t + 82 = -18. Let s be 112/t - (-9)/(-15). Let p = 8 - s. What is the units digit of p?
3
What is the units digit of (-5)/((-5)/(-68))*-1?
8
Suppose -2308 = -13*i + 2086. What is the tens digit of i?
3
Let x(p) = -2*p - 3. Let w be x(-5). Suppose w*m - 6 = 4*m. Suppose -6*y = -m*y - 36. What is the units digit of y?
9
Suppose -5*v + 163 = m, -4*v - v - 3*m + 159 = 0. What is the units digit of v?
3
Suppose 90 = 5*k - 5*u, 5*u = -5*k + 100 + 10. What is the tens digit of k?
2
Let n(v) = -2*v**3 - 7*v**2 - 7*v - 5. Let p be n(-4). Suppose -7*t + 4*t + p = 0. What is the tens digit of t?
1
Let i = -11 - -21. Suppose 0 = 5*m + i, -5*b + 70 = -5*m - 35. Suppose -2*d = 2*x - 18, 3*d + x = -0*x + b. What is the units digit of d?
5
Suppose 0 = 3*x + 2*x - 55. Suppose -45*s + 48*s = 6. Suppose -x - 5 = -s*l. What is the units digit of l?
8
Let w = 19 + -11. Let n = w + 15. What is the tens digit of n?
2
Suppose 0 = -f + 3*f - 32. What is the units digit of (-1)/(-1 + 14/f)?
8
Let t(o) = o**2 + o + 1. Let r(g) = g**2 + 2*g + 6. Let c(q) = -r(q) + 3*t(q). Let k be ((-9)/15)/(-1) + 48/20. What is the tens digit of c(k)?
1
Suppose -19*n = -18*n - 94. What is the units digit of n?
4
Suppose 5*u = 7 - 27. Let s = u + 4. Suppose 0 = l - 7 - s. What is the units digit of l?
7
Let y = -1 - -6. Suppose -5*h = -y - 5. What is the units digit of h?
2
Suppose 0 = -a - 2 - 0. Let b(l) = -l**2 - l + 2. Let u be b(a). Suppose u*n = n - 6. What is the units digit of n?
6
Supp